 the prime factors of q(p)?
2
Let x(n) = 5*n**3 + 3*n**2 + 1. List the prime factors of x(2).
53
Let k be 8/12*(-18)/(-4). Let g(h) = -h**3 + 4*h**2 - 2*h + 3. What are the prime factors of g(k)?
2, 3
Suppose -4*t = -3*r + 330 + 156, 0 = -r - 3*t + 175. Let h = r - 114. Suppose -5*m + 43 = -h. What are the prime factors of m?
19
Suppose 0 = 2*k - 0*k - s - 4, 0 = 3*k + 2*s - 20. Suppose -2*q = -q - 3. Suppose q*z + k = 4*z. List the prime factors of z.
2
Suppose 0 = -k + 6*k - 15. What are the prime factors of (k - (-7)/(-2))*-40?
2, 5
Suppose 35 = -3*c + 134. List the prime factors of c.
3, 11
What are the prime factors of ((-225)/(-12))/(18/48)?
2, 5
Let q(n) = 8 + 0*n - 6 - n. What are the prime factors of q(-5)?
7
Suppose 2*w - 18 = -2*s, 2*w = -3*s + 3*w + 35. What are the prime factors of s?
11
Let l = -137 - -213. Suppose 0 = 3*s - 32 - l. List the prime factors of s.
2, 3
Suppose -4*f - k = 4*k - 307, -f - 4*k + 74 = 0. What are the prime factors of f?
2, 3, 13
Suppose -3*u + 0*u = -12. Suppose -2*k + 18 + u = 0. List the prime factors of k.
11
Let z be ((-4)/3 - 2)*-3. Let o(v) = -v**2 + 15*v + 6. Let q be o(z). Suppose q = 5*x - x. What are the prime factors of x?
2, 7
Suppose 5*m - 3*h - 59 = 0, 50 = 6*m - 2*m - h. Let o(l) = -l - 8. Let y be o(-6). Let k = m + y. List the prime factors of k.
11
Let f be -3 - 2/(-4)*14. Suppose -f*x - 34 + 142 = 0. What are the prime factors of x?
3
Let d(m) = m**3 + 5*m**2 + 6*m + 5. Let c be d(-4). Let x = c + 5. What are the prime factors of x?
2
Suppose -1 = -2*o + 5. Suppose 24 = o*h - a, 0 = -h - 3*h - 3*a + 45. Suppose 3*l = 4*l - h. List the prime factors of l.
3
Let g = 83 + -52. What are the prime factors of g?
31
Let c(f) = -3*f**2 - 2*f - 4. Let l(u) = -2*u**2 - 2*u - 4. Let x(t) = -3*c(t) + 4*l(t). Let a be x(-4). Suppose -y = 4*y - a. List the prime factors of y.
2
Suppose 2*f + 37 - 151 = 0. List the prime factors of f.
3, 19
Let f be (-3)/(-2)*496/6. What are the prime factors of f/9 - 4/(-18)?
2, 7
Let s = -4 + 8. Let o = -1 - -1. Suppose a + a - s = o. What are the prime factors of a?
2
Suppose 0 = -5*x - 5*n + 70 + 65, -5*n = 3*x - 83. Suppose -3*t - 2*p + x = 0, t - p = -1 + 18. What are the prime factors of t?
2, 3
Suppose -a + 2 = b, -2*a = -5*b - 4*a + 19. Suppose j - 4*d + 5 = 0, -d = b*j + 13 - 51. List the prime factors of j.
7
Suppose 0 = 4*u - 3*s - 20, -2*s - 15 = -3*u + 1. Let g be ((-9)/6)/((-3)/u). What are the prime factors of 0 + -2*(-6)/g?
3
Let m(w) = -7*w + 15. What are the prime factors of m(-12)?
3, 11
Let o(b) = -2*b + 3 - 3*b - 3*b**2 + 1 + 7*b. Let s be o(3). Let a = -11 - s. List the prime factors of a.
2, 3
Let i(u) = u**2. Suppose 5*v - 4*v = -2. List the prime factors of i(v).
2
Let r be ((-18)/(-8))/((-6)/(-16)). List the prime factors of (-750)/(-18) - r/9.
41
Suppose w - 36 = 4*o - 3*w, -4*o - 33 = -w. Let u = 16 + -10. List the prime factors of (o/10)/(u/(-45)).
2, 3
Let b(q) = q**3 - 12*q**2 - 11*q + 5. Let x be b(13). Suppose 69 = 4*n - x. List the prime factors of n.
5
Let m(s) = -s**3 + 5*s**2 + 2*s - 1. Let r be (2 - (-3 + 0))*1. Let o be (-32)/(-6) - r/15. What are the prime factors of m(o)?
3
Suppose 2*i + 2 = 3*x + 7, 4*i = 3*x + 1. Let l be i/6 + 15/(-9). What are the prime factors of 0 - l - (-10 + 3)?
3
Let q(m) = -m**3 + 22*m**2 + 49*m + 7. List the prime factors of q(24).
31
Let a(f) = f**2 - 5*f + 17. What are the prime factors of a(8)?
41
Let o(s) = -s + 6. Let j be o(4). Suppose -j*r - 82 = -3*t - 0*t, -4*t + 108 = -2*r. List the prime factors of t.
2, 13
Suppose 3*r = -3*u - r + 166, 0 = 3*u + 2*r - 164. List the prime factors of u.
2, 3
Suppose -2*i + 12 = 2*w, 0 = -4*i + 2*w - 1 + 7. Let b be (-6)/2 + 3/i. List the prime factors of b/(-5)*(-30)/(-3).
2
Suppose 2*p - 5*v - 16 = 1, -4 = 4*v. Suppose -4*t = -3*x - 24, t - p*t - 2*x + 53 = 0. What are the prime factors of t?
3
Let v(h) = -h + 9. Let u be v(6). Suppose -78 = -u*c - 3*l, 3*c - 83 = -2*l + 4*l. List the prime factors of c.
3
Suppose -4*x = -4*q - 24, q = -2*x + 2 + 16. What are the prime factors of x?
2
Let f(n) = 3*n**2 + 7*n - 2. Let h(v) = 4*v**2 + 7*v - 2. Let q(p) = 5*f(p) - 4*h(p). Let d be q(5). What are the prime factors of (-3 - -4) + d*1?
3
Let p(c) = c**3 + 5*c**2 + 4*c + 2. Let r be p(-3). Suppose -r*w = -9*w + 32. What are the prime factors of w?
2
Let v = 19 - 13. List the prime factors of v.
2, 3
Suppose -4*b + 62 = -78. Suppose b = 4*t + 3*a, a = 4*t - 18 - 29. Let c = 3 + t. List the prime factors of c.
2, 7
Let r = 24 + 25. List the prime factors of r.
7
Let n(o) = 2*o - 1. Let h be n(6). Let p = h + -2. List the prime factors of p.
3
Let p(c) = -9*c - c**2 - c**2 - 4 + 0*c**2 + c**2. What are the prime factors of p(-8)?
2
Let t(s) = 2*s**2 - 12*s + 6. What are the prime factors of t(9)?
2, 3, 5
Suppose -2*k - 143 = -2*f + 53, 0 = -3*k - 3. What are the prime factors of f?
97
Let g be 2/10 - 68/(-10). Let p = 10 - g. List the prime factors of p.
3
Let i be 2/(1 + (-2)/4). Suppose 5*k - 15 = -2*z, -i*k - z - z + 12 = 0. List the prime factors of k.
3
Let s(p) = 18*p - 74. What are the prime factors of s(22)?
2, 7, 23
Let g(v) = -v**2 + 3*v + 192. List the prime factors of g(0).
2, 3
Let j be (-2)/((-5)/3 - -1). Let a be (14 + -3 + -4)/1. Suppose 20 = j*p - a. What are the prime factors of p?
3
Let m = 72 - 30. List the prime factors of m.
2, 3, 7
Suppose 2*i = -5*r + 28, -40 = -5*r - 0*r - 5*i. Suppose r*g - 40 = -2*q - 2*q, 3*q = -5*g + 60. What are the prime factors of g?
3, 5
Let y(q) = -19*q + 13. Let r(x) = 28*x - 19. Let i(j) = 5*r(j) + 7*y(j). List the prime factors of i(6).
2, 19
Let z = 7 + -6. List the prime factors of z/1 + (-1 - -4).
2
Suppose s + s = -3*d + 152, -5*d + 244 = s. What are the prime factors of d?
2, 3
Let g be -1 + 0 - 0/1. Let k be (g + 3 - 1)*-6. Let d = k - -18. List the prime factors of d.
2, 3
Let m be -3 + 6/3 - -4. Suppose 5 - m = -t. Let u = t + 16. What are the prime factors of u?
2, 7
What are the prime factors of (-1 - -139)/((-2)/(-5))?
3, 5, 23
Suppose 7*p - 3 = -2*w + 4*p, -p - 27 = -4*w. What are the prime factors of w?
2, 3
Let s be (0/(-1))/(3/(-3)). Suppose s*p - 4*p + 40 = 0. List the prime factors of p.
2, 5
What are the prime factors of 356/10 + (-24)/(-60)?
2, 3
List the prime factors of 175 + (15/20)/(2/(-8)).
2, 43
Suppose -13*y - 570 = -16*y. What are the prime factors of y?
2, 5, 19
Suppose -3*v - 2*s + 52 = 0, 0 = 4*v - 4*s + 2*s - 60. List the prime factors of v.
2
Let g(s) be the first derivative of s**2 - 8*s - 1 - 1/4*s**4 + 2*s**3. List the prime factors of g(6).
2
Let u = 300 - 169. What are the prime factors of u?
131
Let u(k) = 25*k + 2. List the prime factors of u(2).
2, 13
Let x(i) = 12*i - 3. List the prime factors of x(3).
3, 11
Let m(o) be the third derivative of -7*o**4/24 - o**3/6 - o**2. Let d be m(-2). Suppose -3*u + 5 + d = 0. List the prime factors of u.
2, 3
Let w(y) = y. Suppose -5*s + 5*f + 12 = -s, 0 = -2*s + 4*f + 6. Suppose 4*p = -4*z - p + 7, -4*z - s*p = -9. What are the prime factors of w(z)?
3
Let v(i) = -i**3 - 12*i**2 - 13*i + 9. Let f be v(-11). Let s = f - 14. What are the prime factors of s?
17
Suppose -3*o = 9, -74 = 2*h + 4*o + 158. List the prime factors of (h/5)/(-3 - -1).
11
Let n be (14 - 0)/(-2) - 0. Let y = n + 4. Let h(d) = d**2 + 3*d + 3. List the prime factors of h(y).
3
Suppose 0 = -5*s + 10*s - 90. List the prime factors of s.
2, 3
Let t be 1/((-4)/112*-4). Suppose -5*j = -t*j + 36. What are the prime factors of j?
2, 3
Let g(b) = -b + 31. What are the prime factors of g(-16)?
47
Let x(d) = -4*d**3 + 3*d**2 + 4*d + 17. Let t(n) = -11*n**3 + 8*n**2 + 11*n + 51. Let c(z) = 3*t(z) - 8*x(z). List the prime factors of c(0).
17
Let s(j) = 9*j**2 + 13*j + 4. List the prime factors of s(-4).
2, 3
Suppose -21 = q - 4*d - d, -5*q = -d + 9. Let r(z) = 35*z**2 - z. Let s be r(q). Suppose 0*a = p - 2*a - 21, 4*p + 4*a - s = 0. What are the prime factors of p?
13
Let j(y) = y**3 - 6*y**2 - 2*y + 6. Let x be j(6). Let l = x + 8. Suppose -13 + 43 = l*u. List the prime factors of u.
3, 5
Let l(g) = -g - 2. Suppose 5*h + v + v = -34, 3*v - 9 = 0. List the prime factors of l(h).
2, 3
Suppose 0 = 3*k - 7 - 5. Suppose 4*c + c + 2*g = 148, 2*g - 120 = -k*c. Suppose 0 = -2*